{"id":7,"date":"2020-03-28T22:04:22","date_gmt":"2020-03-28T22:04:22","guid":{"rendered":"https:\/\/msiservisi.com\/?page_id=7"},"modified":"2020-03-28T23:08:16","modified_gmt":"2020-03-28T23:08:16","slug":"msi-yedek-parca","status":"publish","type":"page","link":"https:\/\/msiservisi.com\/index.php\/msi-yedek-parca\/","title":{"rendered":"Msi Yedek Par\u00e7a"},"content":{"rendered":"<p>[vc_row][vc_column][vc_column_text]<\/p>\n<div class=\"vc_row wpb_row vc_row-fluid\">\n<div class=\"wpb_column vc_column_container vc_col-sm-12\">\n<div class=\"vc_column-inner \">\n<div class=\"wpb_wrapper\">\n<div class=\"wpb_text_column wpb_content_element \">\n<div class=\"wpb_wrapper\">\n<p style=\"text-align: center;\"><strong>MSI<\/strong><strong> Yedek Par\u00e7a<\/strong><\/p>\n<\/div>\n<\/div>\n<\/div>\n<\/div>\n<\/div>\n<\/div>\n<div class=\"vc_row wpb_row vc_row-fluid\" style=\"text-align: center;\">\n<div class=\"wpb_column vc_column_container vc_col-sm-3\"><strong style=\"font-size: inherit;\">MSI Notebook Ekran<\/strong><\/div>\n<div class=\"wpb_column vc_column_container vc_col-sm-3\"><strong style=\"font-size: inherit;\">MSI Notebook Klavye<\/strong><\/div>\n<div class=\"wpb_column vc_column_container vc_col-sm-3\"><strong style=\"font-size: inherit;\">MSI Notebook Adapt\u00f6r<\/strong><\/div>\n<div class=\"wpb_column vc_column_container vc_col-sm-3\"><strong style=\"font-size: inherit;\">MSI Notebook Batarya<\/strong><\/div>\n<div><\/div>\n<div><\/div>\n<div><\/div>\n<div><\/div>\n<div><\/div>\n<div class=\"wpb_column vc_column_container vc_col-sm-3\"><strong style=\"font-size: inherit;\">MSI Notebook SSD Harddisk<\/strong><\/div>\n<div class=\"wpb_column vc_column_container vc_col-sm-3\"><strong style=\"font-size: inherit;\">MSI Notebook Fan<\/strong><\/div>\n<div class=\"wpb_column vc_column_container vc_col-sm-3\"><strong style=\"font-size: inherit;\">MSI Notebook Ram<\/strong><\/div>\n<div class=\"wpb_column vc_column_container vc_col-sm-3\"><strong style=\"font-size: inherit;\">MSI Notebook Ekran Kart\u0131<\/strong><\/div>\n<div><\/div>\n<div><\/div>\n<div><\/div>\n<div><\/div>\n<div><\/div>\n<div class=\"wpb_column vc_column_container vc_col-sm-3\"><strong style=\"font-size: inherit;\">MSI Masa\u00fcst\u00fc Anakart<\/strong><\/div>\n<div class=\"wpb_column vc_column_container vc_col-sm-3\"><strong style=\"font-size: inherit;\">MSI Notebook Dokunmatik<\/strong><\/div>\n<div class=\"wpb_column vc_column_container vc_col-sm-3\"><strong style=\"font-size: inherit;\">MSI Notebook Kasa(Cover)<\/strong><\/div>\n<div class=\"wpb_column vc_column_container vc_col-sm-3\"><strong style=\"font-size: inherit;\">MSI Notebook Mente\u015fe<\/strong><\/div>\n<\/div>\n<p>[\/vc_column_text][\/vc_column][\/vc_row]<\/p>\n","protected":false},"excerpt":{"rendered":"<p>[vc_row][vc_column][vc_column_text] MSI Yedek Par\u00e7a MSI Notebook Ekran MSI Notebook Klavye MSI Notebook Adapt\u00f6r MSI Notebook Batarya MSI Notebook SSD Harddisk MSI Notebook Fan MSI Notebook Ram MSI Notebook Ekran Kart\u0131 MSI Masa\u00fcst\u00fc Anakart MSI Notebook Dokunmatik MSI Notebook Kasa(Cover) MSI Notebook Mente\u015fe [\/vc_column_text][\/vc_column][\/vc_row]<\/p>\n","protected":false},"author":1,"featured_media":0,"parent":0,"menu_order":0,"comment_status":"closed","ping_status":"closed","template":"","meta":{"footnotes":""},"class_list":["post-7","page","type-page","status-publish"],"_links":{"self":[{"href":"https:\/\/msiservisi.com\/index.php\/wp-json\/wp\/v2\/pages\/7","targetHints":{"allow":["GET"]}}],"collection":[{"href":"https:\/\/msiservisi.com\/index.php\/wp-json\/wp\/v2\/pages"}],"about":[{"href":"https:\/\/msiservisi.com\/index.php\/wp-json\/wp\/v2\/types\/page"}],"author":[{"embeddable":true,"href":"https:\/\/msiservisi.com\/index.php\/wp-json\/wp\/v2\/users\/1"}],"replies":[{"embeddable":true,"href":"https:\/\/msiservisi.com\/index.php\/wp-json\/wp\/v2\/comments?post=7"}],"version-history":[{"count":7,"href":"https:\/\/msiservisi.com\/index.php\/wp-json\/wp\/v2\/pages\/7\/revisions"}],"predecessor-version":[{"id":54,"href":"https:\/\/msiservisi.com\/index.php\/wp-json\/wp\/v2\/pages\/7\/revisions\/54"}],"wp:attachment":[{"href":"https:\/\/msiservisi.com\/index.php\/wp-json\/wp\/v2\/media?parent=7"}],"curies":[{"name":"wp","href":"https:\/\/api.w.org\/{rel}","templated":true}]}}