{"id":11,"date":"2020-03-28T22:04:22","date_gmt":"2020-03-28T22:04:22","guid":{"rendered":"https:\/\/msiservisi.com\/?page_id=11"},"modified":"2021-02-03T23:06:55","modified_gmt":"2021-02-03T23:06:55","slug":"anasayfa","status":"publish","type":"page","link":"https:\/\/msiservisi.com\/","title":{"rendered":"Anasayfa"},"content":{"rendered":"<p>[vc_row full_width=&#8221;stretch_row_content_no_spaces&#8221; type=&#8221;full_width_content&#8221;][vc_column][vc_single_image image=&#8221;108&#8243; img_size=&#8221;full&#8221; alignment=&#8221;center&#8221;][\/vc_column][\/vc_row][vc_row type=&#8221;full_width_content&#8221;][vc_column][vc_column_text]<\/p>\n<h1 style=\"text-align: center;\">Msi Servis<\/h1>\n<h2 style=\"text-align: center;\">Ekonomik Garantili ve G\u00fcvenilir \u00d6zel Msi Servisi<\/h2>\n<p>[\/vc_column_text][vc_btn title=&#8221;\u015eimdi Ara: 0850 34 661 34&#8243; style=&#8221;custom&#8221; custom_text=&#8221;#0a0a0a&#8221; align=&#8221;center&#8221; css_animation=&#8221;bounceIn&#8221; link=&#8221;url:tel%3A08503466134|||&#8221;][vc_separator][\/vc_column][\/vc_row][vc_row][vc_column width=&#8221;1\/4&#8243;][vc_single_image image=&#8221;31&#8243; img_size=&#8221;full&#8221; alignment=&#8221;center&#8221;][\/vc_column][vc_column width=&#8221;3\/4&#8243;][vc_column_text]<\/p>\n<h2>Msi Notebook Servis<\/h2>\n<p>Diz\u00fcst\u00fc bilgisayarlar g\u00fcn\u00fcm\u00fczde\u00a0s\u00fcrekli yan\u0131m\u0131zda bulundurabilece\u011fimiz kullan\u0131\u015fl\u0131 ve pratik elektronik cihazlard\u0131r. Diz\u00fcst\u00fc bilgisayarlar\u0131n bak\u0131ms\u0131z kalmalar\u0131ndan veya geli\u015fig\u00fczel kullan\u0131mlar\u0131ndan dolay\u0131 baz\u0131 fonksiyonlar\u0131 d\u00fczg\u00fcn \u00e7al\u0131\u015fmamaya hatta ciddi sorunlar yaratmaya ba\u015flayabilmektedir. Baz\u0131 elektronik ar\u0131zlar \u00f6nceden belirtiler g\u00f6sterir bunlar bilgisayarda donma,mavi ekran hatalar\u0131, g\u00f6r\u00fcnt\u00fcde zaman zaman bozulmalar gibi sorunlard\u0131r.Bu gibi durumlarda unutulmamas\u0131 gereken en \u00f6nemli nokta \u00a0alan\u0131nda uzman, yeterli bilgi ve tecr\u00fcbeye sahip ki\u015filerle ileti\u015fime ge\u00e7erek \u00e7\u00f6z\u00fcme ula\u015fmakt\u0131r.\u00a0Bizimle ileti\u015fime ge\u00e7erek notebook cihazlar\u0131n\u0131z\u0131 tamamen kullan\u0131lmaz hale gelmeden onar\u0131m\u0131n\u0131 yapt\u0131r\u0131p ilk g\u00fcnk\u00fc gibi kullanmaya devam edebilirsiniz.<\/p>\n<p>[\/vc_column_text][\/vc_column][\/vc_row][vc_row][vc_column width=&#8221;1\/4&#8243;][vc_single_image image=&#8221;32&#8243; alignment=&#8221;center&#8221;][\/vc_column][vc_column width=&#8221;3\/4&#8243;][vc_column_text]<\/p>\n<h2>Msi Masa\u00fcst\u00fc PC Servisi<\/h2>\n<p>Teknoloji \u00fcr\u00fcnleri g\u00fcn\u00fcm\u00fczde herkesin vazge\u00e7emeyece\u011fi iyi bir yard\u0131mc\u0131 halini alm\u0131\u015ft\u0131r. Msi\u00a0all in one cihazlar\u0131n\u0131zda donan\u0131msal veya yaz\u0131l\u0131msal sorunlar ortaya \u00e7\u0131kabilir. Bu durumda sorunu \u00e7\u00f6zmek uzmanl\u0131k gerektirir. Biz alan\u0131nda uzman ki\u015filerle ekip kurmay\u0131 ba\u015farm\u0131\u015f bir firma olarak siz de\u011ferli m\u00fc\u015fterilerimize en do\u011fru \u00e7\u00f6z\u00fcm\u00fc sunmak i\u00e7in var\u0131z.Yaz\u0131l\u0131msal veya donan\u0131msal\u00a0sorunlar\u0131n\u0131za\u00a0teknik destek alabilmek ve\u00a0sorunlar\u0131n\u0131z\u0131n\u00a0giderilmesini\u00a0sa\u011flamak i\u00e7in bize ula\u015fman\u0131z yeterli. Elektronik alan\u0131nda profesyonel\u00a0servis\u00a0uzmanlar\u0131m\u0131zla teknik\u00a0servis hizmetlerinde size yard\u0131mc\u0131\u00a0olmaktan\u00a0memnuniyet\u00a0duyar\u0131z.<strong>\u00a0<\/strong><\/p>\n<p>[\/vc_column_text][\/vc_column][\/vc_row][vc_row][vc_column width=&#8221;1\/4&#8243;][vc_single_image image=&#8221;34&#8243; img_size=&#8221;full&#8221; alignment=&#8221;center&#8221;][\/vc_column][vc_column width=&#8221;3\/4&#8243;][vc_column_text]<\/p>\n<h2>Msi Ultrabook Servisi<\/h2>\n<p>Msi\u00a0ultrabook cihazlar \u00fcretim teknolojisi\u00a0gere\u011fi ince ve hassas yap\u0131ya sahiptirler. Teknolojinin geli\u015fimiyle beraber s\u0131radan diz\u00fcst\u00fc bilgisayarlar yerini ultrabooklara b\u0131rakmaktad\u0131r. Ultrabooklar\u0131n en \u00f6nemli \u00f6zelli\u011fi tabi ki \u00e7ok ince olmalar\u0131d\u0131r. Fakat ince olmas\u0131n\u0131n baz\u0131 dezavantajlar\u0131 var\u0131dr. bunlar i\u015flemci fanlar\u0131n\u0131n daha k\u00fc\u00e7\u00fck olmas\u0131 daha ince ham madde kullan\u0131larak \u00fcretilen kasa ve ekranlard\u0131r. Olduk\u00e7a ince olan cihazlar\u0131n k\u0131r\u0131lmas\u0131 ve ar\u0131zalanmas\u0131 s\u0131radan notebooklara g\u00f6re daha kolayd\u0131r. Uzman ekibimiz ultrabooklar\u0131n anakart onar\u0131mlar\u0131 veya par\u00e7a de\u011fi\u015fimleri esnas\u0131nda ola\u011fan d\u0131\u015f\u0131 hasarlar gelmemesi i\u00e7in olduk\u00e7a titiz \u00e7al\u0131\u015fmaktad\u0131r.<\/p>\n<p>[\/vc_column_text][\/vc_column][\/vc_row][vc_row][vc_column width=&#8221;1\/4&#8243;][vc_single_image image=&#8221;35&#8243; alignment=&#8221;center&#8221;][\/vc_column][vc_column width=&#8221;3\/4&#8243;][vc_column_text]<\/p>\n<h2>Msi Anakart Servisi<\/h2>\n<p>Msi anakartlarda\u00a0en s\u0131k g\u00f6r\u00fclen ar\u0131za chipset ve kondansit\u00f6r ar\u0131zalard\u0131r. Anakart \u00fczerineki entegrelerin\u00a0belirli bir \u00e7al\u0131\u015fma\u00a0\u00f6m\u00fcrleri vard\u0131r. Kullan\u0131ma ba\u011fl\u0131 olarak zamanla g\u00f6r\u00fcnt\u00fcde bozulmalar\u00a0veya hi\u00e7 a\u00e7\u0131lmama\u00a0gibi sorunlar ortaya \u00e7\u0131kar.\u00a0Anakart \u00fczerindeki bile\u015fenler iyi so\u011futulmal\u0131 ve donan\u0131ma uygun power supply kullan\u0131lmal\u0131d\u0131r.\u00a0Ar\u0131za yapan anakart\u0131n \u00fczerindeki\u00a0entegre veya chipset\u00a0yenisi ile de\u011fi\u015ftirildi\u011finde bilgisayar tekrar ilk g\u00fcnk\u00fc gibi \u00e7al\u0131\u015fmaya devam eder. Firmam\u0131z orijinal yedek par\u00e7a kullanarak ar\u0131zalanan\u00a0veya k\u0131r\u0131lan\u00a0par\u00e7alar\u0131 yenisiyle de\u011fi\u015ftirmekte ve garanti vermektedir.<\/p>\n<p>[\/vc_column_text][\/vc_column][\/vc_row][vc_row][vc_column width=&#8221;1\/4&#8243;][vc_single_image image=&#8221;39&#8243; alignment=&#8221;center&#8221;][\/vc_column][vc_column width=&#8221;3\/4&#8243;][vc_column_text]<\/p>\n<h2>Msi Ekran Kart\u0131 Servisi<\/h2>\n<p>Msi\u00a0markal\u0131 ekran kart\u0131 ar\u0131zalar\u0131nda\u00a0g\u00f6r\u00fcnt\u00fc titremesi,grafik bozulmalar\u0131, \u0131\u015f\u0131k gelip gitmesi,mavi ekran hatalar\u0131,\u00a0bilgisayar ba\u011flant\u0131 soketlerinin(vga,hdmi,dvi) \u00e7al\u0131\u015fmamas\u0131 gibi sorunlar ya\u015fanabilmektedir.Ekran kart\u0131 grafik i\u015flemci ar\u0131zalar\u0131nda ekran kart\u0131 grafik i\u015flem \u00e7ipinin yenisiyle de\u011fi\u015fimi gerekmektedir. Uzman ekibimiz bu gibi sorunlar\u0131n \u00fcstesinden kolayl\u0131kla gelebilmekte ve tam anlam\u0131yla \u00e7\u00f6z\u00fcm sunmaktad\u0131r.<\/p>\n<p>[\/vc_column_text][\/vc_column][\/vc_row][vc_row][vc_column width=&#8221;1\/4&#8243;][vc_single_image image=&#8221;116&#8243; alignment=&#8221;center&#8221;][\/vc_column][vc_column width=&#8221;3\/4&#8243;][vc_column_text]<\/p>\n<h2>Msi Rx 580 Ekran Kart\u0131 Tamiri<\/h2>\n<p>Msi rx 500 serisi ekran kart\u0131 tamiri konusunda yedek par\u00e7a ve tecr\u00fcbeye sahip teknik servisimiz sayesinde yeni bir ekran kart\u0131 alman\u0131za gerek kalmadan kald\u0131\u011f\u0131n\u0131z yerden devam edebilirsiniz. \u00d6rne\u011fin g\u00f6r\u00fcnt\u00fc bozulmas\u0131 ya\u015fanan <a href=\"https:\/\/msiservisi.com\/index.php\/2021\/02\/03\/msi-rx-580-ekran-karti\/\">Msi rx580 ekran kart\u0131 tamiri<\/a> firmam\u0131zda yap\u0131ld\u0131ktan sonra benchmark programlar\u0131 ile y\u00fck alt\u0131nda test edilerek taraf\u0131n\u0131za ilk g\u00fcnk\u00fc performans\u0131yla teslim edilmektedir.[\/vc_column_text][\/vc_column][\/vc_row]<\/p>\n","protected":false},"excerpt":{"rendered":"<p>[vc_row full_width=&#8221;stretch_row_content_no_spaces&#8221; type=&#8221;full_width_content&#8221;][vc_column][vc_single_image image=&#8221;108&#8243; img_size=&#8221;full&#8221; alignment=&#8221;center&#8221;][\/vc_column][\/vc_row][vc_row type=&#8221;full_width_content&#8221;][vc_column][vc_column_text] Msi Servis Ekonomik Garantili ve G\u00fcvenilir \u00d6zel Msi Servisi [\/vc_column_text][vc_btn title=&#8221;\u015eimdi Ara: 0850 34 661 34&#8243; style=&#8221;custom&#8221; custom_text=&#8221;#0a0a0a&#8221; align=&#8221;center&#8221; css_animation=&#8221;bounceIn&#8221; link=&#8221;url:tel%3A08503466134|||&#8221;][vc_separator][\/vc_column][\/vc_row][vc_row][vc_column width=&#8221;1\/4&#8243;][vc_single_image image=&#8221;31&#8243; img_size=&#8221;full&#8221; alignment=&#8221;center&#8221;][\/vc_column][vc_column width=&#8221;3\/4&#8243;][vc_column_text] Msi Notebook Servis Diz\u00fcst\u00fc bilgisayarlar g\u00fcn\u00fcm\u00fczde\u00a0s\u00fcrekli yan\u0131m\u0131zda bulundurabilece\u011fimiz kullan\u0131\u015fl\u0131 ve pratik elektronik cihazlard\u0131r. Diz\u00fcst\u00fc bilgisayarlar\u0131n bak\u0131ms\u0131z kalmalar\u0131ndan veya geli\u015fig\u00fczel kullan\u0131mlar\u0131ndan dolay\u0131 baz\u0131 &#8230; <a title=\"Anasayfa\" class=\"read-more\" href=\"https:\/\/msiservisi.com\/\" aria-label=\"More on Anasayfa\">Devam\u0131n\u0131 oku&#8230;<\/a><\/p>\n","protected":false},"author":1,"featured_media":0,"parent":0,"menu_order":0,"comment_status":"closed","ping_status":"closed","template":"","meta":{"footnotes":""},"class_list":["post-11","page","type-page","status-publish"],"_links":{"self":[{"href":"https:\/\/msiservisi.com\/index.php\/wp-json\/wp\/v2\/pages\/11","targetHints":{"allow":["GET"]}}],"collection":[{"href":"https:\/\/msiservisi.com\/index.php\/wp-json\/wp\/v2\/pages"}],"about":[{"href":"https:\/\/msiservisi.com\/index.php\/wp-json\/wp\/v2\/types\/page"}],"author":[{"embeddable":true,"href":"https:\/\/msiservisi.com\/index.php\/wp-json\/wp\/v2\/users\/1"}],"replies":[{"embeddable":true,"href":"https:\/\/msiservisi.com\/index.php\/wp-json\/wp\/v2\/comments?post=11"}],"version-history":[{"count":36,"href":"https:\/\/msiservisi.com\/index.php\/wp-json\/wp\/v2\/pages\/11\/revisions"}],"predecessor-version":[{"id":98,"href":"https:\/\/msiservisi.com\/index.php\/wp-json\/wp\/v2\/pages\/11\/revisions\/98"}],"wp:attachment":[{"href":"https:\/\/msiservisi.com\/index.php\/wp-json\/wp\/v2\/media?parent=11"}],"curies":[{"name":"wp","href":"https:\/\/api.w.org\/{rel}","templated":true}]}}